n m is divided by b.
11
What is the remainder when 380 is divided by (-4)/12*(-86 + -58)?
44
Let d(f) = f**2 - 2*f - 96. Suppose -h - 3*n + 6 = 0, 2*n + 4 = h - 2. Calculate the remainder when d(-11) is divided by 16/h*(-9)/(-2).
11
Suppose 11*n - 9*n - 10 = 0. Suppose g + n*g + 372 = 0. Let t = g - -97. What is the remainder when t is divided by 12?
11
Suppose 11 = s - 6*s + 2*k, -5*k = 2*s - 13. Let t be 3 - (-2 + s)*20/(-15). Calculate the remainder when 20 is divided by ((-1*88/4)/2)/t.
9
Let t = -29 + -27. Let c be (2 + (-10)/4)*30. Let y = c - t. Calculate the remainder when y is divided by 14.
13
Let f(y) = -y**2 + 2*y + 5. Let z be f(0). Suppose 5*n + z = 0, -2*a + 4*n = 3*n + 7. Let p = a + 29. Calculate the remainder when p is divided by 14.
11
Let z = 368 + -215. Suppose -16*j + 33*j - z = 0. Suppose -78 = -6*v + 3*v. What is the remainder when v is divided by j?
8
Let k = -48 - -163. Suppose 64*v = 50*v + 406. What is the remainder when k is divided by v?
28
Let p(g) = g**3 - 7*g**2 + 18*g - 31. Let t be p(7). Suppose -4*u + 2*a - 11 = -193, 3*a - t = -2*u. Calculate the remainder when 226 is divided by u.
42
Let k(b) = -19 - b**3 + 9 + 2*b**3 - b**2 + 33 - 2*b. What is the remainder when 32 is divided by k(0)?
9
Suppose 0 = -5*b + 4*x - 3*x - 405, 5*x - 243 = 3*b. What is the remainder when 77 is divided by (5 - (-369)/b)*18?
5
Let k = -1303 - -1448. What is the remainder when k is divided by 3?
1
Let h be -3 + 0 + 5 + 0/4. Suppose 18*l - 13*l + y = 59, -h*l = 2*y - 22. Calculate the remainder when l is divided by (8/(-12))/(4/(-54)).
3
Let h(d) = -19*d + 222. What is the remainder when 1921 is divided by h(11)?
10
Let t(v) = v**3 - v + 3. Let c(a) = -7*a**3 - 6*a**2 + 11*a - 12. Let b(x) = -c(x) - 6*t(x). Calculate the remainder when 91 is divided by b(-6).
19
Let k be (-9 - (-92)/6)*3. Calculate the remainder when 89 is divided by (k/76)/((-2)/(-128)).
9
Let n = 464 + -458. Let q(b) = b**2 - 2*b + 53. What is the remainder when q(n) is divided by 11?
0
Suppose 0*y + 5*y = -k + 41, 4 = -k. Let r(g) = g**2 - 6*g + 5. Calculate the remainder when r(y) is divided by -7 + (-3 - -6) - -13.
5
Let v(t) = -5*t**3 + 60*t**2 + 29*t - 62. Calculate the remainder when v(12) is divided by 12.
10
Let l(o) = -4*o**3 - 8*o**2 - 9*o + 1. Calculate the remainder when 44229 is divided by l(-2).
16
Let m = -22 - -47. Let l be (13/(-3))/((-2)/6). Let u = m - l. Calculate the remainder when 46 is divided by u.
10
Let p(b) = -2*b**3 - 26*b**2 - 73*b - 476. Calculate the remainder when p(-15) is divided by 216.
7
Suppose y + 3*y - 22 = 3*f, 4*f - 3*y + 20 = 0. Let k be f/(6/(-70) - 12/(-42)). Calculate the remainder when 82 is divided by 7/((-4)/k*30/36).
19
Suppose -30 = -26816*n + 26811*n. What is the remainder when 8 is divided by n?
2
Suppose 0 = -7*t - 1341 - 80. Let f = t + 218. Calculate the remainder when 357 is divided by f.
12
Suppose -139*w + 7459 = 648. Calculate the remainder when 132 is divided by w.
34
Suppose -591 = -5*k + 2*k. Let q = -4726 - -4748. What is the remainder when k is divided by q?
21
Let q = 3221 + -3155. Calculate the remainder when 963 is divided by q.
39
Let v(l) = -l + 1. Suppose -47 = -15*j - 2. Suppose 35*w + 1 = j*c + 39*w, 2*w + 24 = 2*c. What is the remainder when c is divided by v(-6)?
0
Let j = -75 + 81. Let g be (j/(-8))/((-6)/24). Suppose 5*t + 15 = -n, -g*n - 2*n = t - 21. Calculate the remainder when 28 is divided by n.
3
Suppose 2*v - 7065 = -34*v - 9*v. Calculate the remainder when 4233 is divided by v.
151
Suppose -63 + 228 = c. Let g(s) = 22 - 73 - 4*s + 18 + 22. What is the remainder when c is divided by g(-8)?
18
Let t be 2/(-5) - -1*772/(-20). Let b = 80 + t. Let v = 410 + -288. What is the remainder when v is divided by b?
40
Suppose 22*j - 14*j = -48. Let y(t) = t**3 + 7*t**2 - 4*t - 29. Calculate the remainder when -180*((-15)/6 + 2) is divided by y(j).
28
Let j(t) = -t**3 - 34*t**2 - 36*t + 1. Let u be j(-33). Let h = 159 - u. What is the remainder when h is divided by 13?
7
Let f = -2997 + 3059. What is the remainder when 1982 is divided by f?
60
Let h(f) = -77*f + 258. Let i be h(15). Let x = i + 915. What is the remainder when x is divided by 12?
6
Let u(k) = 29*k**2 - 5*k + 7. Let v be u(3). Suppose 0 = 6*w + 79 - v. What is the remainder when 64 is divided by w?
6
Calculate the remainder when 636 is divided by (-4568)/(-20) + (-4 - (-364)/65).
176
Let k = -5711 - -5714. What is the remainder when 4 is divided by k?
1
Let n(b) = -12*b - 2. Let o be n(0). What is the remainder when 105 is divided by ((-4)/(-7))/(o/(-7)) - -10?
9
Suppose 4014*o - 2964 = 3957*o. What is the remainder when 160 is divided by o?
4
Let t = -3838 + 4570. Calculate the remainder when t is divided by 250.
232
Let g be (-1 - 7)*-3*2. What is the remainder when 119 is divided by 412/14 + g/84?
29
Let r(z) = -146*z - 140. Let i be (3/(-4))/(67/268). Calculate the remainder when r(i) is divided by 20.
18
Calculate the remainder when (103 - -5024) + (-8 - -3)*(-3)/(-3) is divided by 12.
10
Let v(l) = 33*l**2 + 2*l. Let b(h) = 35*h - 17. What is the remainder when v(2) is divided by b(1)?
10
Let a = -1331 - -1603. Calculate the remainder when a is divided by 164.
108
Let t = -6395 + 6608. Calculate the remainder when t is divided by 112.
101
Let v(y) = 82*y**2 + 4*y + 13. Suppose 7*x - 6*x + 2 = 0. What is the remainder when v(x) is divided by 14?
11
Calculate the remainder when 99 is divided by ((-325)/65)/((-2)/20).
49
Suppose -370 = -36*t + 62. What is the remainder when (-4)/5*(-3)/6*115 is divided by t?
10
Let s be (51/15 - 3)*30. Suppose 3*b - 3*v - 63 = 0, 3*b + 39 = -2*v + 107. Calculate the remainder when b is divided by ((-25)/50)/((-2)/s).
1
Calculate the remainder when (-83651)/(-184) - ((-98)/176 - 10/(-55)) is divided by 166.
123
What is the remainder when (((-8)/36)/(-92 + 91))/(2/333) is divided by 51/7 + 6/(-21)?
2
Suppose 45*b - 46*b + 65 = 9*c, -3*c - 3*b + 27 = 0. What is the remainder when 210 is divided by c?
0
Let d = 105 - 62. Let y(a) = 3*a**2 + 28*a - 122. What is the remainder when y(6) is divided by d?
25
Suppose 4*h = 16, 5*u - u = 4*h + 32. Let z(d) = d**2 - 16*d - 56. Calculate the remainder when z(21) is divided by (-1)/4 + 171/u + 3.
15
Suppose -5*m + 4*j + 69688 = 0, 3*j - 5*j = -5*m + 69694. Calculate the remainder when m is divided by 56.
52
Suppose 4*t + 121 = a, 19*t + 130 = a + 14*t. Let f = 253 + -174. Let m = a - f. Calculate the remainder when 23 is divided by m.
5
Let q(t) = -33*t + 4. Suppose 4*i + 15 = -h, 0 = -2*h - 0*h - 2*i - 12. Suppose 382*m - 2779 - 7580 = -427. What is the remainder when q(h) is divided by m?
25
Let a(s) = 85*s + 1841. What is the remainder when 106 is divided by a(-21)?
50
Let t(o) = o**2 - 13*o - 1302. What is the remainder when 3842 is divided by t(44)?
60
Let b = 3248 - 2765. Calculate the remainder when b is divided by 175.
133
Let u(t) = t - 16. Let s(a) = -1. Let d(r) = -6*s(r) + 2*u(r). Let v be d(8). Let c(b) = -4*b - 37. Calculate the remainder when 5 is divided by c(v).
2
Suppose -92*s + 2*j = -88*s - 136, 6 = 3*j. Calculate the remainder when s is divided by 16.
3
Suppose -22*o + 21*o = -34. Suppose 4309 = 76*w - 783. What is the remainder when w is divided by o?
33
Suppose -9*p - 11*u + 15273 = -6*u, 3*p = 2*u + 5091. What is the remainder when p is divided by 74?
69
Let m = -63 - -66. Suppose 0 = 2*t - m*x - 7, -2*x + 7*x - 55 = -5*t. Suppose -4*s = 12 - 32, -3*n + 77 = -2*s. Calculate the remainder when n is divided by t.
5
Suppose -2*g = g - 15. Suppose g - 13 = 4*v. Let x(c) = -6*c - 1. What is the remainder when x(v) is divided by 5?
1
Let p = -560 + 563. Suppose -p*q + 183 = -2*q - 5*o, -811 = -5*q - o. Calculate the remainder when q is divided by 11.
9
Suppose -5*j = -5*k + 89 - 509, -2*j + 5*k = -165. Suppose 41*q - 726 = 8*q. What is the remainder when j is divided by q?
19
Suppose 2*x - x = -4*y + 32, -5*x + 65 = y. Let o be ((-3)/5)/(1/(-5)). Suppose -o*g = -x - 114. What is the remainder when 123 is divided by g?
39
Suppose 7*n - 9 = 26. Let g = 5 - 2. Suppose 2*h + g*h - 90 = 0. Calculate the remainder when h is divided by n.
3
Let y(z) = 84*z + 2952. What is the remainder when 1483 is divided by y(-35)?
7
Let m be (62/(-12) - 